{"id":284,"date":"2024-11-21T01:25:23","date_gmt":"2024-11-21T01:25:23","guid":{"rendered":"https:\/\/sustentapro.cl\/?page_id=284"},"modified":"2024-11-27T01:31:10","modified_gmt":"2024-11-27T01:31:10","slug":"servicios","status":"publish","type":"page","link":"https:\/\/sustentapro.cl\/index.php\/servicios\/","title":{"rendered":"Servicios"},"content":{"rendered":"\t\t<div data-elementor-type=\"wp-page\" data-elementor-id=\"284\" class=\"elementor elementor-284\" data-elementor-post-type=\"page\">\n\t\t\t\t<div class=\"elementor-element elementor-element-2c42f4bc e-flex e-con-boxed e-con e-parent\" data-id=\"2c42f4bc\" data-element_type=\"container\" data-settings=\"{&quot;background_background&quot;:&quot;classic&quot;}\">\n\t\t\t\t\t<div class=\"e-con-inner\">\n\t\t<div class=\"elementor-element elementor-element-5a7dac5a e-flex e-con-boxed e-con e-child\" data-id=\"5a7dac5a\" data-element_type=\"container\">\n\t\t\t\t\t<div class=\"e-con-inner\">\n\t\t\t\t<div class=\"elementor-element elementor-element-4c900260 elementor-widget elementor-widget-heading\" data-id=\"4c900260\" data-element_type=\"widget\" data-widget_type=\"heading.default\">\n\t\t\t\t<div class=\"elementor-widget-container\">\n\t\t\t<h1 class=\"elementor-heading-title elementor-size-default\">Servicios<\/h1>\t\t<\/div>\n\t\t\t\t<\/div>\n\t\t\t\t<div class=\"elementor-element elementor-element-67239629 elementor-widget elementor-widget-text-editor\" data-id=\"67239629\" data-element_type=\"widget\" data-widget_type=\"text-editor.default\">\n\t\t\t\t<div class=\"elementor-widget-container\">\n\t\t\t\t\t\t\t<p><a href=\"#\">Home<\/a> &gt; Servicios<\/p>\t\t\t\t\t\t<\/div>\n\t\t\t\t<\/div>\n\t\t\t\t\t<\/div>\n\t\t\t\t<\/div>\n\t\t\t\t\t<\/div>\n\t\t\t\t<\/div>\n\t\t<div class=\"elementor-element elementor-element-234a6e18 e-flex e-con-boxed e-con e-parent\" data-id=\"234a6e18\" data-element_type=\"container\" data-settings=\"{&quot;background_background&quot;:&quot;classic&quot;}\">\n\t\t\t\t\t<div class=\"e-con-inner\">\n\t\t<div class=\"elementor-element elementor-element-12df4c31 e-flex e-con-boxed e-con e-child\" data-id=\"12df4c31\" data-element_type=\"container\">\n\t\t\t\t\t<div class=\"e-con-inner\">\n\t\t\t\t<div class=\"elementor-element elementor-element-43b280df elementor-widget elementor-widget-heading\" data-id=\"43b280df\" data-element_type=\"widget\" data-widget_type=\"heading.default\">\n\t\t\t\t<div class=\"elementor-widget-container\">\n\t\t\t<h6 class=\"elementor-heading-title elementor-size-default\">soluci\u00f3n de energ\u00eda solar<\/h6>\t\t<\/div>\n\t\t\t\t<\/div>\n\t\t\t\t<div class=\"elementor-element elementor-element-7f6012d elementor-widget elementor-widget-text-editor\" data-id=\"7f6012d\" data-element_type=\"widget\" data-widget_type=\"text-editor.default\">\n\t\t\t\t<div class=\"elementor-widget-container\">\n\t\t\t\t\t\t\tNos especializamos en el Montaje Electromec\u00e1nico de Parques Fotovoltaicos PMGD y\nAutoconsumo, adem\u00e1s de realizar el servicio de Operaci\u00f3n y Mantenimiento (O&#038;M). Este\n\u00faltimo a proyectos desarrollados desde la etapa de construcci\u00f3n as\u00ed como a proyectos\nejecutados por terceros.\t\t\t\t\t\t<\/div>\n\t\t\t\t<\/div>\n\t\t\t\t\t<\/div>\n\t\t\t\t<\/div>\n\t\t<div class=\"elementor-element elementor-element-29b2ef3f e-flex e-con-boxed e-con e-child\" data-id=\"29b2ef3f\" data-element_type=\"container\">\n\t\t\t\t\t<div class=\"e-con-inner\">\n\t\t<div class=\"elementor-element elementor-element-3e648184 e-con-full e-flex e-con e-child\" data-id=\"3e648184\" data-element_type=\"container\" data-settings=\"{&quot;background_background&quot;:&quot;classic&quot;}\">\n\t\t\t\t<div class=\"elementor-element elementor-element-2769fc57 elementor-widget__width-initial elementor-position-top elementor-widget elementor-widget-image-box\" data-id=\"2769fc57\" data-element_type=\"widget\" data-widget_type=\"image-box.default\">\n\t\t\t\t<div class=\"elementor-widget-container\">\n\t\t\t<div class=\"elementor-image-box-wrapper\"><figure class=\"elementor-image-box-img\"><img fetchpriority=\"high\" decoding=\"async\" width=\"500\" height=\"500\" src=\"https:\/\/sustentapro.cl\/wp-content\/uploads\/2024\/11\/Icon-1.png\" class=\"attachment-full size-full wp-image-157\" alt=\"\" srcset=\"https:\/\/sustentapro.cl\/wp-content\/uploads\/2024\/11\/Icon-1.png 500w, https:\/\/sustentapro.cl\/wp-content\/uploads\/2024\/11\/Icon-1-300x300.png 300w, https:\/\/sustentapro.cl\/wp-content\/uploads\/2024\/11\/Icon-1-150x150.png 150w\" sizes=\"(max-width: 500px) 100vw, 500px\" \/><\/figure><div class=\"elementor-image-box-content\"><h3 class=\"elementor-image-box-title\">Construcci\u00f3n<\/h3><p class=\"elementor-image-box-description\">1. Preparaci\u00f3n de Malla a tierra.<br>\n2. Instalaci\u00f3n de cableado BT y MT.<br>\n3. Canalizaci\u00f3n Subterr\u00e1neas para Cables CC, UTP, FTP, F.O<br>\n4. Instalaci\u00f3n de Inversores.<br>\n5. Instalaci\u00f3n de M\u00f3dulos Fotovoltaicos.<br>\n6. Conexionado de Centro de Distribuci\u00f3n CDT.<br>\n7. Conexionado de Inversores QC4 o MC4 y Baja tensi\u00f3n BT.<br>\n8. Seriado de String\u2019s y Ordenamiento de Cable Solar en mesas solares.<br>\n9. Instalaci\u00f3n de Control Box o TCU.<br>\n10. Conexionado de trackers.<br>\n11. Habilitaci\u00f3n de sala de control.<br>\n12. Instalaci\u00f3n de punto de Conexi\u00f3n.<br>\n13. Medici\u00f3n El\u00e9ctricas tales como (Malla a tierra, CC, BT, Aislaci\u00f3n, Continuidad entre\notros.)<br>\n14. Protocolizaci\u00f3n del proceso constructivo de una nueva instalaci\u00f3n<\/p><\/div><\/div>\t\t<\/div>\n\t\t\t\t<\/div>\n\t\t\t\t<\/div>\n\t\t<div class=\"elementor-element elementor-element-6cab9418 e-con-full e-flex e-con e-child\" data-id=\"6cab9418\" data-element_type=\"container\" data-settings=\"{&quot;background_background&quot;:&quot;classic&quot;}\">\n\t\t\t\t<div class=\"elementor-element elementor-element-401babbb elementor-widget__width-initial elementor-position-top elementor-widget elementor-widget-image-box\" data-id=\"401babbb\" data-element_type=\"widget\" data-widget_type=\"image-box.default\">\n\t\t\t\t<div class=\"elementor-widget-container\">\n\t\t\t<div class=\"elementor-image-box-wrapper\"><figure class=\"elementor-image-box-img\"><img decoding=\"async\" width=\"500\" height=\"500\" src=\"https:\/\/sustentapro.cl\/wp-content\/uploads\/2024\/11\/icon-2.png\" class=\"attachment-full size-full wp-image-159\" alt=\"\" srcset=\"https:\/\/sustentapro.cl\/wp-content\/uploads\/2024\/11\/icon-2.png 500w, https:\/\/sustentapro.cl\/wp-content\/uploads\/2024\/11\/icon-2-300x300.png 300w, https:\/\/sustentapro.cl\/wp-content\/uploads\/2024\/11\/icon-2-150x150.png 150w\" sizes=\"(max-width: 500px) 100vw, 500px\" \/><\/figure><div class=\"elementor-image-box-content\"><h3 class=\"elementor-image-box-title\">Operaci\u00f3n y mantenimiento (O&M)<\/h3><p class=\"elementor-image-box-description\">1.- Revisi\u00f3n y mantenimiento preventivo y correctivo de inversores<br><br>\n2.- Revisi\u00f3n y mantenimiento preventivo y correctivo de m\u00f3dulos solares<br><br>\n3.- Mediciones peri\u00f3dicas a tendido el\u00e9ctrico con la finalidad de ver el estado del cableado\ny realizar los cambios correspondientes.<br><br>\n4.- Estabilidad de las comunicaciones de la planta (inversores, cctv, Red Privada,\ncomunicaci\u00f3n remota entre otras.)<br><br>\n5.- Servicio de limpieza de m\u00f3dulos fotovoltaicos,  equipo totalmente comprometido con la calidad, seguridad y medio\nambiente. Equipo de profesionales con experiencia y est\u00e1ndar minero.<\/p><\/div><\/div>\t\t<\/div>\n\t\t\t\t<\/div>\n\t\t\t\t<\/div>\n\t\t<div class=\"elementor-element elementor-element-2b7b2c19 e-con-full e-flex e-con e-child\" data-id=\"2b7b2c19\" data-element_type=\"container\" data-settings=\"{&quot;background_background&quot;:&quot;classic&quot;}\">\n\t\t\t\t<div class=\"elementor-element elementor-element-6cd1a22a elementor-widget__width-initial elementor-position-top elementor-widget elementor-widget-image-box\" data-id=\"6cd1a22a\" data-element_type=\"widget\" data-widget_type=\"image-box.default\">\n\t\t\t\t<div class=\"elementor-widget-container\">\n\t\t\t<div class=\"elementor-image-box-wrapper\"><figure class=\"elementor-image-box-img\"><img decoding=\"async\" width=\"500\" height=\"500\" src=\"https:\/\/sustentapro.cl\/wp-content\/uploads\/2024\/11\/icon-3.png\" class=\"attachment-full size-full wp-image-162\" alt=\"\" srcset=\"https:\/\/sustentapro.cl\/wp-content\/uploads\/2024\/11\/icon-3.png 500w, https:\/\/sustentapro.cl\/wp-content\/uploads\/2024\/11\/icon-3-300x300.png 300w, https:\/\/sustentapro.cl\/wp-content\/uploads\/2024\/11\/icon-3-150x150.png 150w\" sizes=\"(max-width: 500px) 100vw, 500px\" \/><\/figure><div class=\"elementor-image-box-content\"><h3 class=\"elementor-image-box-title\">Asesor\u00edas<\/h3><p class=\"elementor-image-box-description\">1.-Proyectos Electromec\u00e1nicos y Fotovoltaicos:<br><br>\n  -Dise\u00f1o, planificaci\u00f3n y montaje de sistemas de autoconsumo y parques PMGD.<br><br>\n  -Asesor\u00eda en ingenier\u00eda de construcci\u00f3n y el\u00e9ctrica adaptada a las necesidades del cliente.<br>\n2.-Operaci\u00f3n y Mantenimiento (O&M):<br><br>\n\n -Optimizaci\u00f3n de la vida \u00fatil de los sistemas fotovoltaicos mediante revisiones preventivas y correctivas.<br><br>\n -Evaluaci\u00f3n t\u00e9cnica de m\u00f3dulos solares, inversores y tendidos el\u00e9ctricos.<br><br>\n3.-Cumplimiento Normativo:\n\n -Protocolizaci\u00f3n de procesos constructivos.<br><br>\n -Alineaci\u00f3n con los est\u00e1ndares de la Superintendencia de Electricidad y Combustibles (SEC) y normativas ambientales.<br><br>\n4.-Tecnolog\u00edas de Comunicaci\u00f3n:<br><br>\n\n -Soluciones en fibra \u00f3ptica, cableado estructurado y comunicaciones inal\u00e1mbricas para garantizar la estabilidad de las instalaciones.\n<\/p><\/div><\/div>\t\t<\/div>\n\t\t\t\t<\/div>\n\t\t\t\t<\/div>\n\t\t\t\t\t<\/div>\n\t\t\t\t<\/div>\n\t\t<div class=\"elementor-element elementor-element-426e0d6b e-flex e-con-boxed e-con e-child\" data-id=\"426e0d6b\" data-element_type=\"container\">\n\t\t\t\t\t<div class=\"e-con-inner\">\n\t\t\t\t\t<\/div>\n\t\t\t\t<\/div>\n\t\t\t\t\t<\/div>\n\t\t\t\t<\/div>\n\t\t\t\t<\/div>\n\t\t","protected":false},"excerpt":{"rendered":"<p>Servicios Home &gt; Servicios soluci\u00f3n de energ\u00eda solar Nos especializamos en el Montaje Electromec\u00e1nico de Parques Fotovoltaicos PMGD y Autoconsumo, adem\u00e1s de realizar el servicio de Operaci\u00f3n y Mantenimiento (O&#038;M). Este \u00faltimo a proyectos desarrollados desde la etapa de construcci\u00f3n as\u00ed como a proyectos ejecutados por terceros. Construcci\u00f3n 1. Preparaci\u00f3n de Malla a tierra. 2. [&hellip;]<\/p>\n","protected":false},"author":1,"featured_media":0,"parent":0,"menu_order":0,"comment_status":"closed","ping_status":"closed","template":"elementor_header_footer","meta":{"_joinchat":[],"footnotes":""},"class_list":["post-284","page","type-page","status-publish","hentry"],"_links":{"self":[{"href":"https:\/\/sustentapro.cl\/index.php\/wp-json\/wp\/v2\/pages\/284","targetHints":{"allow":["GET"]}}],"collection":[{"href":"https:\/\/sustentapro.cl\/index.php\/wp-json\/wp\/v2\/pages"}],"about":[{"href":"https:\/\/sustentapro.cl\/index.php\/wp-json\/wp\/v2\/types\/page"}],"author":[{"embeddable":true,"href":"https:\/\/sustentapro.cl\/index.php\/wp-json\/wp\/v2\/users\/1"}],"replies":[{"embeddable":true,"href":"https:\/\/sustentapro.cl\/index.php\/wp-json\/wp\/v2\/comments?post=284"}],"version-history":[{"count":10,"href":"https:\/\/sustentapro.cl\/index.php\/wp-json\/wp\/v2\/pages\/284\/revisions"}],"predecessor-version":[{"id":354,"href":"https:\/\/sustentapro.cl\/index.php\/wp-json\/wp\/v2\/pages\/284\/revisions\/354"}],"wp:attachment":[{"href":"https:\/\/sustentapro.cl\/index.php\/wp-json\/wp\/v2\/media?parent=284"}],"curies":[{"name":"wp","href":"https:\/\/api.w.org\/{rel}","templated":true}]}}